 o(z).
3
Let c(q) be the third derivative of -q**6/120 + q**5/60 - q**4/24 - 7*q**3/6 + 2*q**2 - 10*q. What is c(0)?
-7
Let t(n) be the first derivative of -n**5/60 + n**4/24 + n**3/3 - 19*n**2/2 + 5. Let m(c) be the second derivative of t(c). Determine m(4).
-10
Let i(f) = -8*f - 5. Let y be i(0). Let a(j) = 2*j**2 + 6*j + 3. Give a(y).
23
Let d(v) = v**2 + 2*v + 3. Let z be (-2670)/45 - (-4)/(-6). Let n = -63 - z. Determine d(n).
6
Let f(t) = t**3 + 14 + 12*t + 14*t**2 + 6 + 3 - 6 + t. Determine f(-13).
17
Suppose -2*x - 1 - 1 = 0. Let n = -13 + 16. Let g = x + n. Let f(m) = m**2 - 2*m - 1. Determine f(g).
-1
Suppose -10*u = 54 - 154. Let w(x) = x**2 - 8*x - 22. Determine w(u).
-2
Suppose -6 = 2*b + b. Let g be 4/8*-4*b. Suppose 0 = 4*s - g*j - 12, 4*s + 0*j - 2*j - 12 = 0. Let a(l) = 2*l**2 - 3*l. Calculate a(s).
9
Suppose -9 = -2*l + 3. Suppose -3*c = l*c. Let b(a) = 5*a**2 - 4*a**2 + 2*a + 4 + c*a**2 + 4*a. Give b(-6).
4
Let i(o) be the first derivative of 3*o**2 + 4*o - 517. What is i(2)?
16
Let t(w) = -2*w**3 - 8*w**2 + 8*w + 26. Let v(u) = -u**3 - 5*u**2 + 5*u + 13. Let i(z) = -3*t(z) + 5*v(z). Calculate i(0).
-13
Let q(a) be the second derivative of a**4/12 - 4*a**3/3 + 5*a**2/2 - a. Let z(y) = 7*y + 49. Let w be z(-6). Determine q(w).
-2
Let o(i) = -i**3 - 5*i**2 - i - 10. Let y(f) = 2*f**3 + 10*f**2 + f + 20. Let n(h) = -9*o(h) - 4*y(h). Calculate n(-4).
6
Let x = 10 - 8. Suppose -3*r + x = -7. Let b(g) = 1 - g**r + 2*g**2 + 2*g + 0*g**2 - g. What is b(3)?
-5
Let h(w) be the first derivative of w**4/4 + 7*w**3/3 + 3*w**2 - 6*w + 18. Determine h(-5).
14
Let c(k) = 7*k**2 - 2*k. Let f(y) = -y**2 + y - 1. Let w(s) = -158*s**2 + 50*s - 5. Let t(g) = -5*f(g) + w(g). Let z(j) = 90*c(j) + 4*t(j). Give z(-1).
18
Let q = -54 - -74. Suppose j - 3*j + 4 = -h, 0 = -4*h - 4*j + q. Let d(v) = 2*v**2 - 3*v. Determine d(h).
2
Suppose -3*b = -10*v + 6*v + 7, 0 = 3*b - 3*v + 12. Let i(k) = 2*k + 2. What is i(b)?
-16
Suppose -4*v - 8 = 0, q = 4*v + 3 - 1. Let k(c) = c**3 + 5*c**2 - 4*c + 6. Determine k(q).
-6
Let h(s) = s**2 - 5*s + 2. Let k = -22 + 80. Let g = -4 + k. Let c be g/10 - 10/25. Determine h(c).
2
Let w(l) = 6*l + 2*l**2 + 2*l**2 + 3 - 4*l**2 + l**2. Suppose -13 = 6*f + 17. What is w(f)?
-2
Let c(m) be the second derivative of -m**5/20 - m**4/8 - m**3/3 - 4*m**2 - 9*m. Let q(p) be the first derivative of c(p). What is q(-2)?
-8
Let v be 15022/1827 + (-4)/18. Let t(r) = -r + 16. What is t(v)?
8
Let u(c) = 1. Let d(j) = -2*j. Let q(x) = d(x) - 2*u(x). What is q(-4)?
6
Let p(m) be the second derivative of m**3/6 + m**2/2 + 2*m + 76. Calculate p(-8).
-7
Let m(y) = -13*y**2 + 4*y + 4. Let j(f) = -3*f**2 + 2*f. Let n(a) = 4*j(a) - m(a). Suppose 8 + 0 = -2*w. Determine n(w).
-4
Let h = -1 + -6. Let i = -5 - h. Let j(m) = -5*m - 3. Let l(c) = -4*c - 3. Let x(n) = -5*j(n) + 6*l(n). What is x(i)?
-1
Let p(i) be the first derivative of i**4/4 - 4*i**3 - 6*i**2 - 12*i + 47. What is p(13)?
1
Let v(s) = 2*s**2 + 0*s**2 + 2*s**3 - 142 + 153. Let m(d) = -d**3 - d**2 - 5. Let b(i) = 5*m(i) + 3*v(i). Give b(0).
8
Let s(r) be the third derivative of 0*r + 18*r**2 - 1/24*r**4 - 1/2*r**3 + 0. Let h(u) = -u**2 + 3*u - 2. Let v be h(3). Calculate s(v).
-1
Let a(o) be the first derivative of -o**2 - 4*o - 87. What is a(-5)?
6
Let s(t) be the third derivative of t**6/120 - 2*t**5/15 + 3*t**4/8 - t**3 + 12*t**2. Suppose 28 = b + 3*b. Give s(b).
8
Suppose 0 = -53*u + 289 - 77. Let a(b) = 2*b**2 - 6*b + 4. What is a(u)?
12
Let z(u) = u**2 - u - 2. Let j(x) = 3*x**2 + 9*x + 16. Let l(w) = -j(w) + 2*z(w). What is l(-9)?
-2
Let g(n) = 5*n**2 - 11*n - 92. Let y(a) = a**2 - 2*a - 18. Let k(o) = 2*g(o) - 11*y(o). Give k(0).
14
Let o(f) = f**3 - 4*f**2 + f + 1. Let p(y) = y**3 + 11*y**2 - 14*y - 17. Let x be p(-12). Suppose -9*v + x*v + 8 = 0. Determine o(v).
5
Let n = 64 - 61. Let z(a) = 41 - 75 - 3*a**2 + 40 - a**3 + 0*a**n + 8*a. Give z(-5).
16
Let g(p) = p**3 + p**2 + 2*p. Let j be g(2). Suppose -4*v - 4 = -j. Let c(d) = -d**2 - 10 + d + 4 + 6. Determine c(v).
-6
Let i(l) = 2*l**3 - 2*l**2 + 2*l - 1. Let v be (-1 - -2)*6 + 4/(-1). Give i(v).
11
Let v(m) be the first derivative of -3*m**2/2 + 10*m + 43. Calculate v(3).
1
Let n(s) = -3*s**2 + 19*s - 11. Let y be n(6). Let c(t) = -t**3 - 5*t**2 + 3*t + 4. Calculate c(y).
-11
Let f(l) = 12*l**2 - 72 + 80 - 12*l - 11*l**2. Let o be ((-22)/(-6))/(4/12). Calculate f(o).
-3
Let x(k) be the first derivative of 5*k**2/2 + 9*k - 45. What is x(-5)?
-16
Let d(g) = -7*g**3 + g**2. Let v be (-3)/(-9) - (-104)/(-6). Let f = v + 29. Let y = f + -11. Determine d(y).
-6
Let l(w) = -3*w - 7. Suppose 2*s - 5*a = -5 - 1, 0 = 2*a - 4. Suppose -3*c + 4*z = s, -c + z - 4*z = -21. Give l(c).
-25
Let x(o) = -o**2 + 9*o + 11. Let c(i) = -i**3 + 12*i**2 + 14*i - 2. Let s be c(13). Determine x(s).
-11
Let x be 2*1 + 4/(-4). Let l(d) = -3 - 8 + 20*d**2 + 2*d**2 + 0. Let c(i) = -i**2 + 1. Let m(u) = -11*c(u) - l(u). Determine m(x).
-11
Let b(h) = h**3 + 5*h**2 + 5*h + 3. Let d(o) = -o**3 - 27*o**2 - 27*o - 30. Let l be d(-26). What is b(l)?
-1
Let d(m) = 2*m**2 + 8. Let y(n) be the second derivative of n**4/12 + n**3/6 + n**2/2 - 26*n. Let v(w) = -d(w) + 3*y(w). What is v(-4)?
-1
Let i(c) = -c**3 + c**2 + 1. Let a(w) = w**3 - w + 1. Let b(v) = -4*a(v) - 5*i(v). Determine b(4).
-9
Suppose -22 = -4*n + 4*a + 2, -5*a - 15 = 0. Let b(s) = -2 - 3*s - 56*s**2 - 1 + 3*s**n - 2*s**3 + 57*s**2. Determine b(-2).
-1
Let f(q) = 5*q + 94. Let o = 231 + -251. Determine f(o).
-6
Let j(y) be the second derivative of -y**2 - y + 0 + 1/6*y**3. Let z = -78 - -78. Give j(z).
-2
Let a(r) be the first derivative of 46 - 1/2*r**2 - 4*r. What is a(-8)?
4
Let t(j) = -2*j + 7. Suppose 0 = -4*c + 9*c. Suppose -470 = -40*i - 7*i. Suppose c = 11*q - 9*q - i. What is t(q)?
-3
Let f(z) = z**3 - 3*z**2 + 5*z - 10. Let k(l) = -2*l**3 + 7*l**2 - 9*l + 19. Let r(o) = -5*f(o) - 3*k(o). Give r(5).
-22
Suppose 0*x + 4*x = 0. Let m(g) = -2*g + 2 + x*g + g. Let w(a) = 3*a**2 + 24*a - 2. Let u be w(-8). Determine m(u).
4
Let i be 2/(-3) + (-55)/(-15). Let c(l) be the first derivative of -13*l - i*l**2 + 10*l**2 + 12*l + 12. What is c(-1)?
-15
Let z(x) be the first derivative of -x**5/120 - 7*x**4/12 - 22*x**3/3 - 9. Let p(b) be the third derivative of z(b). Give p(-8).
-6
Let f be (-9)/15 - (-2)/(-5). Let n(d) = -d**2 + 7*d - 2. Let y be n(6). Let i(c) = -y + 2 - 7*c + 1. Determine i(f).
6
Let u(l) = 4*l**3 + 2*l**2 + 9*l + 3. Let h = 119 + -115. Let k(z) = 5*z + 3*z + 3 + 0*z**3 + 3*z**3 + 2*z**2 - z**2. Let d(i) = h*u(i) - 5*k(i). Give d(-4).
-3
Let l(h) = 11*h**3 - h**2 + h - 1. Suppose 5*r = 3*f - 264, 2*r + r - 5*f + 152 = 0. Let g be 2/18 - 48/r. What is l(g)?
10
Let g(s) be the first derivative of s**3/3 + 4*s**2 - s - 36. Let n(a) = 3*a + 14. Let b be n(-6). Give g(b).
-17
Let f(t) = 2*t**3 - 2*t**2 - 2*t + 3. Suppose 5*z = -5*k + 10, 4*k = 2*z + 2 + 6. Calculate f(k).
7
Let r(c) = c**3 + 6*c**2 - 2*c - 6. Suppose 1103*n - 12 = 1105*n. Give r(n).
6
Let g(s) = 20*s**3 - 16*s**2 + 3*s + 62. Let l(v) = 7*v**3 - 5*v**2 + v + 21. Let k(m) = 6*g(m) - 17*l(m). Give k(11).
26
Let n(c) = -c**3 - 4*c**2 + 3*c + 3. Suppose -10 = 2*h - 0. Let s be ((-5)/h)/(-2 + 3). Suppose s - 5 = u. Determine n(u).
-9
Let z(x) = x**3 - x**2 - x - 13. Let p(u) = u**2 - 2*u + 1. Let t be 11/8 - (-12)/(-32). Let l be p(t). Determine z(l).
-13
Let o = 65 + -69. Let u(z) = -z**2 + 2*z**2 + 3*z**2 - 2 + z**3 - 5*z. Determine u(o).
18
Let u(q) = 2*q**2 + 2*q - 6. Let p be u(-3). Let d(y) = -8*y - 4 + p*y + 3*y. Determine d(4).
0
Let x be 5 + 1 + -17 - -6. Let d(o) = o + 9. Calculate d(x).
4
Let s be (1/4)/((-7)/(-84)). Let o(i) be the first derivative of -4*i + 1/3*i**s + 9 + 1/2*i**2. What is o(0)?
-4
Let h(b) be the first derivative of b**5/60 + b**4/6 - 2*b**3 - 19. Let c(t) be the third derivative of h(t). What is c(-6)?
-8
Let m = -4647 + 4641. Suppose -5*r + 2*r = 39. Let z(q) = -7*q - 11. Let w(t) = -15*t - 23. Let k(h) = r*z(h) + 6*w(h). Calculate k(m).
-1
Suppose z - 4*z = 0. Suppose -h - 2*g - 6 = 3*h, 4*g - 12 = z. Let q(p) be the second derivative of p**3/6 + 2*p**2 - 2*p. Calculate q(h).
1
Let u = -96 - -126. Let g = 101 + -69. Let z = g - u. Let x(h) = h**2 + h - 2. What is x(z)?
4
Let g(t) be the 